- 7 = -z*l. Let b(u) = u**2 - 3*u - 1. Let f be b(l). What is the greatest common factor of 3 and f?
3
Let g(a) = 7*a**2 + a - 4. Let d be g(-2). Let o be (-9)/2*(-4)/6. Suppose 2*h - 1 = 3*k - o, -2*h = 2*k - 8. What is the highest common divisor of h and d?
2
Let b(h) = -h**2 - 2*h + 1. Let r be b(-2). Suppose 3*y - 385 = -2*y. Let z be 242/y - 1/7. What is the greatest common factor of z and r?
1
Let w be (-11)/(((-10)/5)/2). Calculate the greatest common divisor of w and 44.
11
Let h(c) = 6*c - 4. Let j(a) = 48*a - 33. Let n(m) = -33*h(m) + 4*j(m). Let b be n(-3). Calculate the highest common divisor of b and 9.
9
Let m be ((-9)/5)/(-1 + (-17)/(-20)). Calculate the highest common divisor of m and 60.
12
Let m be (-4 - 0)*20/(-8). Calculate the highest common factor of m and 10.
10
Let u(x) = -19*x - 9*x + 5 - 15*x. Let m be u(-5). Calculate the greatest common divisor of 20 and m.
20
Let t = -5 + 3. Let d be ((0 + 0)/t)/2. Let j = d - -11. What is the greatest common factor of 33 and j?
11
Suppose -4*d - 3*x = -4, 1 = -4*d + 4*x + 5. Let y be 0 + 25 + (-2 - d). What is the highest common factor of y and 44?
22
Let a(g) = -2*g + 3. Let q be a(-7). Let n(x) = -3*x - 1. Let w be (2 + 8/(-3))*9. Let p be n(w). What is the highest common divisor of p and q?
17
Suppose 5*c + 0 = 15. Calculate the greatest common divisor of c and 27.
3
Suppose -4*m = 4*b - 96, m + 3*b = -3*m + 93. Calculate the highest common divisor of 7 and m.
7
Let s be 162/6 + (-2 - 0). Calculate the highest common factor of s and 125.
25
Suppose -56 = -7*a + 3*a. What is the highest common factor of 112 and a?
14
Let g be (3 + -1)/(14/616). Calculate the greatest common divisor of 11 and g.
11
Let l(r) be the second derivative of -5*r**3/6 + 7*r**2/2 - r. Let s be l(-7). Calculate the greatest common divisor of s and 14.
14
Let t(q) = 4*q**2 - 3*q - 2*q - q**2 + 6 + 0*q. Let c be t(3). Calculate the highest common factor of 18 and c.
18
Suppose 15 + 9 = 4*r. Calculate the highest common divisor of r and 24.
6
Suppose -6*z + 203 = -277. Calculate the greatest common factor of 30 and z.
10
Suppose 4*o = 7*o - 324. Suppose -4*y + o = -y. Calculate the greatest common divisor of y and 18.
18
Suppose 89 = 4*t - 2*u + 11, 57 = 3*t - u. What is the highest common divisor of t and 162?
18
Let l(u) = -u**2 - 4*u + 7. Let d be l(-5). Suppose -4*q + 55 = q - 4*k, -5*q - d*k + 55 = 0. What is the highest common factor of q and 121?
11
Let k = 11 + -7. Let g be 1000/28 + 4/14. What is the greatest common factor of k and g?
4
Let i(n) = 2*n**2 - 7*n. Let h be i(5). Calculate the highest common divisor of h and 45.
15
Let a be (30/4)/(2/20). Let m be (a/4)/((-11)/(-44)). Calculate the greatest common divisor of 15 and m.
15
Let v = -184 - -548. Calculate the greatest common factor of v and 52.
52
Let d be (1*-4)/((-2)/(-3)). Let v be 1*3 - (d - -2). Calculate the highest common divisor of v and 63.
7
Let i be 24/(-10)*(0 + -5). Suppose -x + m + 3 = -2, m + 5 = 5*x. Suppose -n + i = -x. What is the highest common factor of n and 96?
12
Let h = -20 - -39. Suppose 2*w - 3*w + 152 = 0. What is the highest common divisor of w and h?
19
Let d = 29 - -19. What is the greatest common divisor of d and 8?
8
Suppose s + 7*o = 2*o + 14, -o = -s + 14. What is the highest common factor of s and 56?
14
Let y = -112 + 116. What is the highest common factor of y and 10?
2
Suppose 3*x + x + 2*o = 48, -8 = -2*o. Suppose 90 = -0*j + 3*j. Calculate the greatest common divisor of j and x.
10
Let g be 3/(3*6/174). What is the greatest common divisor of g and 319?
29
Suppose 4*n + 5 = 29. Suppose -d + n*d = -c + 25, -4*d + 4*c - 4 = 0. Let i(r) = 17*r + 2. Let b be i(d). What is the highest common divisor of b and 10?
10
Let l be (2/(-6))/(4/(-324)). What is the highest common divisor of 18 and l?
9
Suppose -12 = n + n. Let l = n + 34. Suppose 4*h + 16 = 8*h. Calculate the greatest common divisor of h and l.
4
Suppose q - 4*k - 27 = 0, -2*q - 5*k - 7 - 4 = 0. Suppose q*u - 2*u - 125 = 0. Let x = 17 - 12. What is the greatest common factor of x and u?
5
Let s(u) = 21*u**3 + u**2 - 1. Let n be s(1). Let l = -10 + n. What is the highest common divisor of l and 99?
11
Let w = 37 + -21. Calculate the highest common factor of w and 16.
16
Suppose 8*d - 3*d = -5*v + 70, 0 = -4*d - 12. Suppose -n = -3*a + v + 207, -5*a = -n - 374. What is the greatest common factor of 30 and a?
15
Suppose -862 + 366 = -4*z. Let y(c) = -c - 9. Let p be y(-7). Let t be p/5 - z/(-10). What is the greatest common factor of 3 and t?
3
Let l be (2 - 1)/1*22. Let q = 9 + -5. Suppose -3*j + 168 = -3*g, -q*g = g + 5. Calculate the greatest common divisor of j and l.
11
Let b = 25 - 13. What is the greatest common factor of b and 108?
12
Suppose -2*m + 1 - 3 = 0. Let d be 3*(m + 0)/(-3). Let p(h) = -h**3 - 9*h**2 + 6. Let b be p(-9). What is the greatest common divisor of b and d?
1
Let z(l) = l**2 + 5*l + 6. Let r be 0 + -8 - (-2 + 1). Let d = -14 - r. Let j be z(d). Calculate the highest common factor of 4 and j.
4
Suppose -5*h = 2*d - 132, -4*h - 4*d + 3*d + 108 = 0. Let q be 120/h - (-6)/(-21). Calculate the highest common factor of 20 and q.
4
Suppose -16 = 2*w - 4. Let q(o) = -3*o - 8. Let z be q(w). Let x = 18 - z. Calculate the highest common divisor of 48 and x.
8
Let c = 42 - -6. What is the highest common factor of 12 and c?
12
Let x = -34 + 70. Calculate the greatest common divisor of x and 84.
12
Let u(f) = -10*f - 42. Let y be u(-7). What is the greatest common factor of y and 21?
7
Suppose 3*s - 4*s = -10. Let w = s - -80. Calculate the greatest common divisor of 18 and w.
18
Suppose 5*r - 76 = -2*w, r - 25 - 63 = -3*w. Suppose 2*c - 16 = -2*v - 6, -v = 5*c - 33. Calculate the highest common divisor of c and w.
7
Let l(u) = u + 35. Let d be l(-7). What is the highest common factor of 42 and d?
14
Suppose 3*r - 8 = 5*r. Let z = 7 + r. Suppose -4*v = v - i - 139, v - z*i - 25 = 0. What is the greatest common factor of v and 7?
7
Let s = -318 + 531. Suppose -i + 6*i - 100 = -b, 3*i + s = 2*b. What is the greatest common divisor of b and 21?
21
Let c be (2/(-8))/((-1)/76). Suppose c - 349 = -3*m. Suppose 0 = s - 2*f - 58, -4*s = f - m - 104. What is the highest common factor of s and 6?
6
Let m = 28 + -94. Let d be 1/((-1)/(m/3)). Calculate the greatest common factor of d and 33.
11
Suppose -120*u + 125*u = 240. Calculate the greatest common divisor of 240 and u.
48
Let x be (-224)/3*(-6)/4. Suppose -4*t = -2*d - 22, -9 = -t + 5*d + 19. Suppose 0 = -t*g + g + 32. Calculate the highest common factor of x and g.
16
Let z be (-28)/42*3/(-2). Let h be 1 + -1 + z + 2. Let j be (-2)/((-4)/3)*6. Calculate the greatest common divisor of h and j.
3
Suppose -r - p + 70 = 0, 7*p + 68 = r + 6*p. What is the greatest common divisor of r and 46?
23
Let q(x) = x + 24. Let b be q(-17). What is the highest common divisor of b and 35?
7
Suppose 4*a - 15 = -a. Suppose 39 = 5*b - a*j, 3*j + 17 - 2 = b. Let n be (-22)/(-3)*(10 + -1). What is the greatest common factor of b and n?
6
Suppose -1 = -o - 8. Let j(i) = i**2 + i + 9. Let s be j(o). Calculate the greatest common factor of s and 34.
17
Let z = 9 - 9. Suppose z = -d - 4*n + 2, -d + 2*n + 17 = n. What is the greatest common divisor of 28 and d?
14
Let m(p) = p**2 - 9*p. Let b be m(9). Suppose 0*h - h + 20 = b. Calculate the highest common divisor of 80 and h.
20
Suppose 0 = -3*d + i + 17, 0*d + 23 = 4*d - i. Calculate the greatest common divisor of d and 12.
6
Let b(m) = m + 34. Let n be b(-22). Calculate the highest common divisor of n and 54.
6
Let j(w) = -w**2 - 6*w - 5. Let g be j(-5). Suppose d + 17 + g = 2*t, d = 3*t - 23. Let h be 285/12 + 1/4. Calculate the greatest common factor of t and h.
6
Let p be -51*(-5 + 1/(-3)). Calculate the greatest common factor of p and 34.
34
Let a = 39 + -31. Calculate the greatest common divisor of a and 20.
4
Let p(b) = b**2 + 8*b - 7. Suppose -3*u - 2*a + 8 = 0, u - 2*a - 16 = -0*u. Let n be p(u). What is the highest common divisor of n and 11?
11
Suppose 4*c - 5 = 27. Let z be 30/(-3 + 30/8). Calculate the greatest common factor of z and c.
8
Let m be 35/(-14)*2*-1. Suppose -g - 308 = -m*g. What is the highest common factor of 11 and g?
11
Suppose 0 = -